{"id":352,"date":"2014-05-11T21:26:06","date_gmt":"2014-05-11T19:26:06","guid":{"rendered":"http:\/\/eks-maintal.de\/cms\/?page_id=352"},"modified":"2014-10-08T20:36:40","modified_gmt":"2014-10-08T18:36:40","slug":"gl","status":"publish","type":"page","link":"https:\/\/eks-maintal.de\/cms\/gl\/","title":{"rendered":"GL"},"content":{"rendered":"<p style=\"text-align: justify;\"><strong>Gesellschaftslehre (GL) <\/strong>ist ein Unterrichtsfach an den Gesamtschulen in Hessen. Es integriert die F\u00e4cher Geschichte, Erdkunde und Politik und Wirtschaft, d.h. die Unterrichtseinheiten verbinden Lerninhalte und Methoden aller drei F\u00e4cher. Die Sch\u00fcler und Sch\u00fclerinnen lernen somit die Zusammenh\u00e4nge aller drei F\u00e4cher in verschiedenen Unterrichtsreihen kennen. Hierdurch werden einerseits Wiederholungen vermieden; andererseits erleichtert die durch die Integration in einem Fach m\u00f6gliche Vernetzung den Zugang zu den Zusammenh\u00e4ngen. Schlie\u00dflich wird die Kontinuit\u00e4t des Unterrichtsfaches \u00fcber alle Jahrgangsstufen gew\u00e4hrleistet, vor allem auch dadurch, dass immer die Klassenlehrer und Klassenlehrerinnen das Fach unterrichten.<\/p>\n<p style=\"text-align: justify;\">In den Klassen 8 und 9 absolvieren die Sch\u00fclerinnen und Sch\u00fcler der EKS jeweils ein Betriebspraktikum, das im Rahmen des GL- Unterrichts vor- und nachbereitet wird.<\/p>\n<p style=\"text-align: justify;\">In ihren Projektpr\u00fcfungen im 9. und den Pr\u00e4sentationspr\u00fcfungen im 10. Schuljahr k\u00f6nnen die Sch\u00fcler aus dem unersch\u00f6pflichen Themenschatz des Faches GL profitieren.<\/p>\n<p style=\"text-align: justify;\">Wir versuchen den Unterricht auch immer in Bezug zur Gegenwart zu setzen, z. B. wenn aktuelle wichtige Ereignisse es erforderlich machen uns mit dem Thema zu besch\u00e4ftigen. Die Themen in unserem GL- Unterricht werden kompetenzorientiert auf Basis des hessischen Kerncurriculums unterrichtet. Unterrichtsg\u00e4nge runden das Profil unseres GL-Unterrichts ab, z.B. waren die Klassen 9d und 9e mit ihren GL-Lehrerinnen in Hadamar, wo es eine Gedenkst\u00e4tte gibt, an der es m\u00f6glich ist, der Opfer des Nationalismus zu gedenken. Andere Klassen fahren im Jahrgang 9 oder 10 nach Buchenwald.<\/p>\n<p style=\"text-align: justify;\">An unseren Projekttagen werden auch oft Themen behandelt, die etwas mit GL zu tun haben und an denen wir versuchen Themen mit vielen Unterrichtsf\u00e4chern zu vernetzen.<\/p>\n<p style=\"text-align: justify;\">","protected":false},"excerpt":{"rendered":"<p>Gesellschaftslehre (GL) ist ein Unterrichtsfach an den Gesamtschulen in Hessen. Es integriert die F\u00e4cher Geschichte, Erdkunde und Politik und Wirtschaft, d.h. die Unterrichtseinheiten verbinden Lerninhalte und Methoden aller drei F\u00e4cher. Die Sch\u00fcler und Sch\u00fclerinnen lernen somit die Zusammenh\u00e4nge aller drei F\u00e4cher in verschiedenen Unterrichtsreihen kennen. Hierdurch werden einerseits Wiederholungen vermieden; andererseits erleichtert die durch die [&hellip;]<\/p>\n","protected":false},"author":2,"featured_media":0,"parent":0,"menu_order":0,"comment_status":"closed","ping_status":"closed","template":"","meta":{"footnotes":""},"class_list":["post-352","page","type-page","status-publish","hentry"],"rttpg_featured_image_url":null,"rttpg_author":{"display_name":"admin","author_link":"https:\/\/eks-maintal.de\/cms\/author\/b-jovanovic\/"},"rttpg_comment":0,"rttpg_category":null,"rttpg_excerpt":"Gesellschaftslehre (GL) ist ein Unterrichtsfach an den Gesamtschulen in Hessen. Es integriert die F\u00e4cher Geschichte, Erdkunde und Politik und Wirtschaft, d.h. die Unterrichtseinheiten verbinden Lerninhalte und Methoden aller drei F\u00e4cher. Die Sch\u00fcler und Sch\u00fclerinnen lernen somit die Zusammenh\u00e4nge aller drei F\u00e4cher in verschiedenen Unterrichtsreihen kennen. Hierdurch werden einerseits Wiederholungen vermieden; andererseits erleichtert die durch die&hellip;","_links":{"self":[{"href":"https:\/\/eks-maintal.de\/cms\/wp-json\/wp\/v2\/pages\/352","targetHints":{"allow":["GET"]}}],"collection":[{"href":"https:\/\/eks-maintal.de\/cms\/wp-json\/wp\/v2\/pages"}],"about":[{"href":"https:\/\/eks-maintal.de\/cms\/wp-json\/wp\/v2\/types\/page"}],"author":[{"embeddable":true,"href":"https:\/\/eks-maintal.de\/cms\/wp-json\/wp\/v2\/users\/2"}],"replies":[{"embeddable":true,"href":"https:\/\/eks-maintal.de\/cms\/wp-json\/wp\/v2\/comments?post=352"}],"version-history":[{"count":4,"href":"https:\/\/eks-maintal.de\/cms\/wp-json\/wp\/v2\/pages\/352\/revisions"}],"predecessor-version":[{"id":1307,"href":"https:\/\/eks-maintal.de\/cms\/wp-json\/wp\/v2\/pages\/352\/revisions\/1307"}],"wp:attachment":[{"href":"https:\/\/eks-maintal.de\/cms\/wp-json\/wp\/v2\/media?parent=352"}],"curies":[{"name":"wp","href":"https:\/\/api.w.org\/{rel}","templated":true}]}}

<p style="text-align: justify;"><strong>Gesellschaftslehre (GL) </strong>ist ein Unterrichtsfach an den Gesamtschulen in Hessen. Es integriert die Fächer Geschichte, Erdkunde und Politik und Wirtschaft, d.h. die Unterrichtseinheiten verbinden Lerninhalte und Methoden aller drei Fächer. Die Schüler und Schülerinnen lernen somit die Zusammenhänge aller drei Fächer in verschiedenen Unterrichtsreihen kennen. Hierdurch werden einerseits Wiederholungen vermieden; andererseits erleichtert die durch die Integration in einem Fach mögliche Vernetzung den Zugang zu den Zusammenhängen. Schließlich wird die Kontinuität des Unterrichtsfaches über alle Jahrgangsstufen gewährleistet, vor allem auch dadurch, dass immer die Klassenlehrer und Klassenlehrerinnen das Fach unterrichten.</p>
<p style="text-align: justify;">In den Klassen 8 und 9 absolvieren die Schülerinnen und Schüler der EKS jeweils ein Betriebspraktikum, das im Rahmen des GL- Unterrichts vor- und nachbereitet wird.</p>
<p style="text-align: justify;">In ihren Projektprüfungen im 9. und den Präsentationsprüfungen im 10. Schuljahr können die Schüler aus dem unerschöpflichen Themenschatz des Faches GL profitieren.</p>
<p style="text-align: justify;">Wir versuchen den Unterricht auch immer in Bezug zur Gegenwart zu setzen, z. B. wenn aktuelle wichtige Ereignisse es erforderlich machen uns mit dem Thema zu beschäftigen. Die Themen in unserem GL- Unterricht werden kompetenzorientiert auf Basis des hessischen Kerncurriculums unterrichtet. Unterrichtsgänge runden das Profil unseres GL-Unterrichts ab, z.B. waren die Klassen 9d und 9e mit ihren GL-Lehrerinnen in Hadamar, wo es eine Gedenkstätte gibt, an der es möglich ist, der Opfer des Nationalismus zu gedenken. Andere Klassen fahren im Jahrgang 9 oder 10 nach Buchenwald.</p>
<p style="text-align: justify;">An unseren Projekttagen werden auch oft Themen behandelt, die etwas mit GL zu tun haben und an denen wir versuchen Themen mit vielen Unterrichtsfächern zu vernetzen.</p>
<p style="text-align: justify;">

<p>Gesellschaftslehre (GL) ist ein Unterrichtsfach an den Gesamtschulen in Hessen. Es integriert die Fächer Geschichte, Erdkunde und Politik und Wirtschaft, d.h. die Unterrichtseinheiten verbinden Lerninhalte und Methoden aller drei Fächer. Die Schüler und Schülerinnen lernen somit die Zusammenhänge aller drei Fächer in verschiedenen Unterrichtsreihen kennen. Hierdurch werden einerseits Wiederholungen vermieden; andererseits erleichtert die durch die [&hellip;]</p>

Gesellschaftslehre (GL) ist ein Unterrichtsfach an den Gesamtschulen in Hessen. Es integriert die Fächer Geschichte, Erdkunde und Politik und Wirtschaft, d.h. die Unterrichtseinheiten verbinden Lerninhalte und Methoden aller drei Fächer. Die Schüler und Schülerinnen lernen somit die Zusammenhänge aller drei Fächer in verschiedenen Unterrichtsreihen kennen. Hierdurch werden einerseits Wiederholungen vermieden; andererseits erleichtert die durch die&hellip;
