{"id":103,"date":"2021-03-23T19:12:43","date_gmt":"2021-03-23T18:12:43","guid":{"rendered":"https:\/\/eks-maintal.de\/home\/?page_id=103"},"modified":"2021-03-30T20:50:32","modified_gmt":"2021-03-30T18:50:32","slug":"9-10","status":"publish","type":"page","link":"https:\/\/eks-maintal.de\/home\/9-10\/","title":{"rendered":"9\/10"},"content":{"rendered":"\n<p>Alle Sch\u00fclerinnen und Sch\u00fcler der Jahrg\u00e4nge 9 und 10 nehmen am Wahlpflichtunterricht I und II teil. Sie haben hier die M\u00f6glichkeit, ihren pers\u00f6nlichen Interessen und Leistungsm\u00f6glichkeiten entsprechend, eine individuelle Kursauswahl zu treffen. Die Einwahl ist f\u00fcr ein Schuljahr verpflichtend.<\/p>\n\n\n\n<p>Der dreist\u00fcndige* Wahlpflichtbereich I (WPU I) ist eine Fortf\u00fchrung und Vertiefung der <a href=\"https:\/\/eks-maintal.de\/home\/7-8\/\">Wahlpflichtkurse aus den Jahrg\u00e4ngen 7 und 8<\/a> mit Schwerpunkten aus dem Arbeitslehrebereich in Hinblick auf den \u00dcbergang in das Berufsleben (u.a. Ern\u00e4hrung, handwerkliche Angebote).<\/p>\n\n\n\n<p>F\u00fcr Sch\u00fclerinnen und Sch\u00fcler, die seit dem 7. Schuljahr <a href=\"https:\/\/eks-maintal.de\/home\/franzoesisch\/\">Franz\u00f6sisch <\/a>lernen und hier auch weiterhin einen Schwerpunkt setzen wollen, ersetzt die 2. Fremdsprache die Teilnahme am WPU I-Bereich.<\/p>\n\n\n\n<p><span style=\"font-family: Arial, Helvetica, sans-serif;\">Im zweist\u00fcndigen* Wahlpflichtbereich II (WPU II) stehen viele, verschiedene Angebote zur Auswahl, um das pers\u00f6nliche Interessens-, Berufs- bzw. Abschlussprofil der Sch\u00fcler\/-innen zu st\u00e4rken.<\/span><\/p>\n\n\n\n<p>Die \u00dcbersichten \u00fcber die Angebote im n\u00e4chsten Schuljahr sind \u00fcber diese Links erreichbar:<\/p>\n\n\n\n<p>[su_button url=&#8220;https:\/\/wahl.lanis-system.de\/veranstaltung_view.php?i=6026&amp;v=21&#8243; target=&#8220;blank&#8220; background=&#8220;#009bdc&#8220; text_shadow=&#8220;3px 3px 7px #000000&#8243; desc=&#8220;Bitte hier klicken&#8220;]WPU I 2020\/21[\/su_button]<\/p>\n\n\n<p>[su_button url=&#8220;https:\/\/wahl.lanis-system.de\/veranstaltung_view.php?i=6026&amp;v=20&#8243; target=&#8220;blank&#8220; background=&#8220;#009bdc&#8220; text_shadow=&#8220;3px 3px 7px #000000&#8243; desc=&#8220;Bitte hier klicken&#8220;]WPU II 2020\/21[\/su_button]<\/p>\n\n\n\n<p><span style=\"font-family: Arial, Helvetica, sans-serif;\">Bei Durchsicht der Angebote in WPU I und WPU II aber bitte beachten, dass nur die Auswahl \u00fcber das Schuljahr, das gerade aktuell absolviert wird, geeignete Kurse anzeigt.<\/span><\/p>\n\n\n\n<p><span style=\"font-family: Arial, Helvetica, sans-serif;\">Die Kursauswahl l\u00e4uft \u00fcber einen schulinternen Bereich:<\/span><\/p>\n\n\n<p>[su_button url=&#8220;https:\/\/wahl.lanis-system.de\/index.php?t=lanis&#8220; target=&#8220;blank&#8220; background=&#8220;#009bdc&#8220; text_shadow=&#8220;3px 3px 7px #000000&#8243; desc=&#8220;Bitte hier klicken&#8220;]Einwahlbereich WPU 9\/10[\/su_button]<\/p>\n\n\n\n<p>*Bei der Einwahl in einen Kurs f\u00fcr die 2. und\/oder 3. Fremdsprache ist die Anzahl der Unterrichtsstunden pro Woche h\u00f6her.<\/p>\n","protected":false},"excerpt":{"rendered":"<p>Alle Sch\u00fclerinnen und Sch\u00fcler der Jahrg\u00e4nge 9 und 10 nehmen am Wahlpflichtunterricht I und II teil. Sie haben hier die M\u00f6glichkeit, ihren pers\u00f6nlichen Interessen und Leistungsm\u00f6glichkeiten entsprechend, eine individuelle Kursauswahl zu treffen. Die Einwahl ist f\u00fcr ein Schuljahr verpflichtend. Der dreist\u00fcndige* Wahlpflichtbereich I (WPU I) ist eine Fortf\u00fchrung und Vertiefung der Wahlpflichtkurse aus den Jahrg\u00e4ngen [&hellip;]<\/p>\n","protected":false},"author":1,"featured_media":0,"parent":0,"menu_order":0,"comment_status":"closed","ping_status":"closed","template":"","meta":{"footnotes":""},"class_list":["post-103","page","type-page","status-publish","hentry"],"_links":{"self":[{"href":"https:\/\/eks-maintal.de\/home\/wp-json\/wp\/v2\/pages\/103","targetHints":{"allow":["GET"]}}],"collection":[{"href":"https:\/\/eks-maintal.de\/home\/wp-json\/wp\/v2\/pages"}],"about":[{"href":"https:\/\/eks-maintal.de\/home\/wp-json\/wp\/v2\/types\/page"}],"author":[{"embeddable":true,"href":"https:\/\/eks-maintal.de\/home\/wp-json\/wp\/v2\/users\/1"}],"replies":[{"embeddable":true,"href":"https:\/\/eks-maintal.de\/home\/wp-json\/wp\/v2\/comments?post=103"}],"version-history":[{"count":4,"href":"https:\/\/eks-maintal.de\/home\/wp-json\/wp\/v2\/pages\/103\/revisions"}],"predecessor-version":[{"id":357,"href":"https:\/\/eks-maintal.de\/home\/wp-json\/wp\/v2\/pages\/103\/revisions\/357"}],"wp:attachment":[{"href":"https:\/\/eks-maintal.de\/home\/wp-json\/wp\/v2\/media?parent=103"}],"curies":[{"name":"wp","href":"https:\/\/api.w.org\/{rel}","templated":true}]}}

<p>Alle Schülerinnen und Schüler der Jahrgänge 9 und 10 nehmen am Wahlpflichtunterricht I und II teil. Sie haben hier die Möglichkeit, ihren persönlichen Interessen und Leistungsmöglichkeiten entsprechend, eine individuelle Kursauswahl zu treffen. Die Einwahl ist für ein Schuljahr verpflichtend.</p>



<p>Der dreistündige* Wahlpflichtbereich I (WPU I) ist eine Fortführung und Vertiefung der <a href="https://eks-maintal.de/home/7-8/">Wahlpflichtkurse aus den Jahrgängen 7 und 8</a> mit Schwerpunkten aus dem Arbeitslehrebereich in Hinblick auf den Übergang in das Berufsleben (u.a. Ernährung, handwerkliche Angebote).</p>



<p>Für Schülerinnen und Schüler, die seit dem 7. Schuljahr <a href="https://eks-maintal.de/home/franzoesisch/">Französisch </a>lernen und hier auch weiterhin einen Schwerpunkt setzen wollen, ersetzt die 2. Fremdsprache die Teilnahme am WPU I-Bereich.</p>



<p><span style="font-family: Arial, Helvetica, sans-serif;">Im zweistündigen* Wahlpflichtbereich II (WPU II) stehen viele, verschiedene Angebote zur Auswahl, um das persönliche Interessens-, Berufs- bzw. Abschlussprofil der Schüler/-innen zu stärken.</span></p>



<p>Die Übersichten über die Angebote im nächsten Schuljahr sind über diese Links erreichbar:</p>



<p>[su_button url=&#8220;https://wahl.lanis-system.de/veranstaltung_view.php?i=6026&amp;v=21&#8243; target=&#8220;blank&#8220; background=&#8220;#009bdc&#8220; text_shadow=&#8220;3px 3px 7px #000000&#8243; desc=&#8220;Bitte hier klicken&#8220;]WPU I 2020/21[/su_button]</p>


<p>[su_button url=&#8220;https://wahl.lanis-system.de/veranstaltung_view.php?i=6026&amp;v=20&#8243; target=&#8220;blank&#8220; background=&#8220;#009bdc&#8220; text_shadow=&#8220;3px 3px 7px #000000&#8243; desc=&#8220;Bitte hier klicken&#8220;]WPU II 2020/21[/su_button]</p>



<p><span style="font-family: Arial, Helvetica, sans-serif;">Bei Durchsicht der Angebote in WPU I und WPU II aber bitte beachten, dass nur die Auswahl über das Schuljahr, das gerade aktuell absolviert wird, geeignete Kurse anzeigt.</span></p>



<p><span style="font-family: Arial, Helvetica, sans-serif;">Die Kursauswahl läuft über einen schulinternen Bereich:</span></p>


<p>[su_button url=&#8220;https://wahl.lanis-system.de/index.php?t=lanis&#8220; target=&#8220;blank&#8220; background=&#8220;#009bdc&#8220; text_shadow=&#8220;3px 3px 7px #000000&#8243; desc=&#8220;Bitte hier klicken&#8220;]Einwahlbereich WPU 9/10[/su_button]</p>



<p>*Bei der Einwahl in einen Kurs für die 2. und/oder 3. Fremdsprache ist die Anzahl der Unterrichtsstunden pro Woche höher.</p>

<p>Alle Schülerinnen und Schüler der Jahrgänge 9 und 10 nehmen am Wahlpflichtunterricht I und II teil. Sie haben hier die Möglichkeit, ihren persönlichen Interessen und Leistungsmöglichkeiten entsprechend, eine individuelle Kursauswahl zu treffen. Die Einwahl ist für ein Schuljahr verpflichtend. Der dreistündige* Wahlpflichtbereich I (WPU I) ist eine Fortführung und Vertiefung der Wahlpflichtkurse aus den Jahrgängen [&hellip;]</p>
