{"id":133,"date":"2021-03-23T19:17:01","date_gmt":"2021-03-23T18:17:01","guid":{"rendered":"https:\/\/eks-maintal.de\/home\/?page_id=133"},"modified":"2026-04-21T19:36:37","modified_gmt":"2026-04-21T17:36:37","slug":"pusch","status":"publish","type":"page","link":"https:\/\/eks-maintal.de\/home\/pusch\/","title":{"rendered":"PUSCH"},"content":{"rendered":"\n<p><strong>Praxis und Schule (PUSCH)<\/strong><\/p>\n\n\n\n<p>PUSCH ist ein durch das Land Hessen und den Europ\u00e4ischen Sozialfonds gef\u00f6rdertes Projekt an weiterf\u00fchrenden Schulen. Als Bildungstr\u00e4ger f\u00fchrt die KUBI gGmbH das PUSCH-Angebot seit Projektstart als Kooperationspartner bei uns an der Schule aus.<\/p>\n\n\n\n<p><strong>PUSCH richtet sich an Jugendliche:<\/strong><\/p>\n\n\n\n<ul class=\"wp-block-list\">\n<li>die motiviert sind, ihre Leistungen zu verbessern<\/li>\n\n\n\n<li>deren erfolgreicher Schulabschluss gef\u00e4hrdet ist<\/li>\n\n\n\n<li>die gerne in einem Betrieb arbeiten wollen<\/li>\n\n\n\n<li>die sich beruflich orientieren wollen<\/li>\n\n\n\n<li>aus Intensiv-Klassen<\/li>\n<\/ul>\n\n\n\n<p>Ziel ist es, den Jugendlichen durch berufsqualifizierende Ma\u00dfnahmen und kompetenzorientierten allgemeinbildenden sowie fachpraktischen Unterricht bei der Erlangung der Ausbildungsreife und des Hauptschulabschlusses zu unterst\u00fctzen. Mit Hilfe der sozialp\u00e4dagogischen Betreuung sollen die individuellen Potenziale der Jugendlichen sowie ihre sozialen Kompetenzen gef\u00f6rdert werden.<\/p>\n\n\n\n<p>P\u00e4dagogische Fachkr\u00e4fte f\u00fchren in Zusammenarbeit mit den Klassenleitungen sozialp\u00e4dagogische Aktivit\u00e4ten und Projekte durch mit der Lerngruppe durch. Weiter erhalten die Jugendlichen sozialp\u00e4dagogische Beratung, bis hin zu individuellem Coaching. Im Projekt sorgt ein hoher Praxisanteil f\u00fcr die Interessensbildung in beruflicher Hinsicht und dem Ausprobieren der eigenen Kompetenzen und F\u00e4higkeiten. Auch gemeinsame Gespr\u00e4che mit Eltern dienen der Unterst\u00fctzung der Jugendlichen bei der Wahl ihres Ausbildungsberufes und bei ihrer Lebensplanung.<\/p>\n","protected":false},"excerpt":{"rendered":"<p>Praxis und Schule (PUSCH) PUSCH ist ein durch das Land Hessen und den Europ\u00e4ischen Sozialfonds gef\u00f6rdertes Projekt an weiterf\u00fchrenden Schulen. Als Bildungstr\u00e4ger f\u00fchrt die KUBI gGmbH das PUSCH-Angebot seit Projektstart als Kooperationspartner bei uns an der Schule aus. PUSCH richtet sich an Jugendliche: Ziel ist es, den Jugendlichen durch berufsqualifizierende Ma\u00dfnahmen und kompetenzorientierten allgemeinbildenden sowie [&hellip;]<\/p>\n","protected":false},"author":1,"featured_media":768,"parent":0,"menu_order":0,"comment_status":"closed","ping_status":"closed","template":"","meta":{"footnotes":""},"class_list":["post-133","page","type-page","status-publish","has-post-thumbnail","hentry"],"_links":{"self":[{"href":"https:\/\/eks-maintal.de\/home\/wp-json\/wp\/v2\/pages\/133","targetHints":{"allow":["GET"]}}],"collection":[{"href":"https:\/\/eks-maintal.de\/home\/wp-json\/wp\/v2\/pages"}],"about":[{"href":"https:\/\/eks-maintal.de\/home\/wp-json\/wp\/v2\/types\/page"}],"author":[{"embeddable":true,"href":"https:\/\/eks-maintal.de\/home\/wp-json\/wp\/v2\/users\/1"}],"replies":[{"embeddable":true,"href":"https:\/\/eks-maintal.de\/home\/wp-json\/wp\/v2\/comments?post=133"}],"version-history":[{"count":2,"href":"https:\/\/eks-maintal.de\/home\/wp-json\/wp\/v2\/pages\/133\/revisions"}],"predecessor-version":[{"id":767,"href":"https:\/\/eks-maintal.de\/home\/wp-json\/wp\/v2\/pages\/133\/revisions\/767"}],"wp:featuredmedia":[{"embeddable":true,"href":"https:\/\/eks-maintal.de\/home\/wp-json\/wp\/v2\/media\/768"}],"wp:attachment":[{"href":"https:\/\/eks-maintal.de\/home\/wp-json\/wp\/v2\/media?parent=133"}],"curies":[{"name":"wp","href":"https:\/\/api.w.org\/{rel}","templated":true}]}}